	{"id":32180,"date":"2017-09-20T11:11:12","date_gmt":"2017-09-20T09:11:12","guid":{"rendered":"https:\/\/www.krupps.com\/?page_id=32180"},"modified":"2024-02-21T12:46:49","modified_gmt":"2024-02-21T11:46:49","slug":"kera-range","status":"publish","type":"page","link":"https:\/\/www.krupps.com\/pt-pt\/catalogo\/kera-range\/","title":{"rendered":"KERA range"},"content":{"rendered":"<div class=\"wpb-content-wrapper\"><p>[vc_row][vc_column]<div class=\"ult-spacer spacer-69f1c46c82ce6\" data-id=\"69f1c46c82ce6\" data-height=\"40\" data-height-mobile=\"40\" data-height-tab=\"40\" data-height-tab-portrait=\"40\" data-height-mobile-landscape=\"40\" style=\"clear:both;display:block;\"><\/div><div class=\"dt-fancy-separator title-left h1-size style-disabled\" style=\"width: 100%;\"><div class=\"dt-fancy-title\" style=\"color: #000000;\"><span class=\"separator-holder separator-left\"><\/span>KERA range<span class=\"separator-holder separator-right\"><\/span><\/div><\/div><div class=\"ult-spacer spacer-69f1c46c82d64\" data-id=\"69f1c46c82d64\" data-height=\"10\" data-height-mobile=\"10\" data-height-tab=\"10\" data-height-tab-portrait=\"10\" data-height-mobile-landscape=\"10\" style=\"clear:both;display:block;\"><\/div><div class=\"dt-fancy-separator title-left h4-size style-disabled\" style=\"width: 100%;\"><div class=\"dt-fancy-title\" style=\"color: #000000;\"><span class=\"separator-holder separator-left\"><\/span>Uma nova experi\u00eancia de lavagem<span class=\"separator-holder separator-right\"><\/span><\/div><\/div><div class=\"ult-spacer spacer-69f1c46c82da0\" data-id=\"69f1c46c82da0\" data-height=\"40\" data-height-mobile=\"40\" data-height-tab=\"40\" data-height-tab-portrait=\"40\" data-height-mobile-landscape=\"40\" style=\"clear:both;display:block;\"><\/div>[vc_row_inner][vc_column_inner][vc_column_text]Inovadora, moderna, elegante: <strong>Kera<\/strong> \u00e9 a gama que combina <strong>tecnologia<\/strong>, <strong>design<\/strong> e <strong>excelente desempenho<\/strong>, com uma forte aposta na sustentabilidade.<\/p>\n<p>As <strong>linhas minimalistas<\/strong> e o esquema de cores &#8220;Preto Intenso&#8221; criam uma gama que incorpora modernidade e estilo.<br \/>\nO <strong>painel t\u00e1til vertical de 5&#8243;<\/strong> torna intuitivos todos os passos, desde a sele\u00e7\u00e3o do ciclo \u00e0 gest\u00e3o dos par\u00e2metros, para uma <strong>experi\u00eancia de lavagem sem precedentes<\/strong>.<\/p>\n<p>A <strong>Kera<\/strong> oferece uma ampla sele\u00e7\u00e3o de ciclos de lavagem, tornando a gama altamente adapt\u00e1vel e personaliz\u00e1vel para atender a todas as necessidades.<br \/>\nA gama \u00e9 totalmente <strong>full opcional<\/strong> e est\u00e1 equipada com as mais recentes tecnologias, como <strong>Paredes duplas<\/strong>, <strong>SOFT Start,<\/strong> <strong>SOFT Door<\/strong>, <strong>Acquatech System<\/strong> e o <strong>Level Control System (LCS)<\/strong>.Gra\u00e7as \u00e0 liga\u00e7\u00e3o integrada <strong>Bluetooth e Wi-Fi<\/strong>, cada modelo pode ser totalmente gerido remotamente atrav\u00e9s da aplica\u00e7\u00e3o <strong>Krupps Remote Control<\/strong> e da plataforma digital <strong>Ikloud<\/strong>.<\/p>\n<p>A gama <strong>Kera<\/strong> foi concebida para lhe oferecer o m\u00e1ximo em sustentabilidade ambiental, proporcionando um desempenho excecional com uma <strong>poupan\u00e7a de mais de 30% no consumo di\u00e1rio de energia<\/strong>.[\/vc_column_text][\/vc_column_inner][\/vc_row_inner]<div class=\"ult-spacer spacer-69f1c46c82db5\" data-id=\"69f1c46c82db5\" data-height=\"40\" data-height-mobile=\"40\" data-height-tab=\"40\" data-height-tab-portrait=\"40\" data-height-mobile-landscape=\"40\" style=\"clear:both;display:block;\"><\/div>[\/vc_column][\/vc_row]<\/p>\n<\/div>","protected":false},"excerpt":{"rendered":"<p>[vc_row][vc_column][vc_row_inner][vc_column_inner][vc_column_text]Inovadora, moderna, elegante: Kera \u00e9 a gama que combina tecnologia, design e excelente desempenho, com uma forte aposta na sustentabilidade. As linhas minimalistas e o esquema de cores &#8220;Preto Intenso&#8221; criam uma gama que incorpora modernidade e estilo. O painel t\u00e1til vertical de 5&#8243; torna intuitivos todos os passos, desde a sele\u00e7\u00e3o do ciclo \u00e0&hellip;<\/p>\n","protected":false},"author":11725,"featured_media":0,"parent":16880,"menu_order":0,"comment_status":"closed","ping_status":"closed","template":"tax-linea.php","meta":{"_acf_changed":false,"footnotes":""},"class_list":["post-32180","page","type-page","status-publish","hentry","description-off"],"acf":[],"_links":{"self":[{"href":"https:\/\/www.krupps.com\/pt-pt\/wp-json\/wp\/v2\/pages\/32180","targetHints":{"allow":["GET"]}}],"collection":[{"href":"https:\/\/www.krupps.com\/pt-pt\/wp-json\/wp\/v2\/pages"}],"about":[{"href":"https:\/\/www.krupps.com\/pt-pt\/wp-json\/wp\/v2\/types\/page"}],"author":[{"embeddable":true,"href":"https:\/\/www.krupps.com\/pt-pt\/wp-json\/wp\/v2\/users\/11725"}],"replies":[{"embeddable":true,"href":"https:\/\/www.krupps.com\/pt-pt\/wp-json\/wp\/v2\/comments?post=32180"}],"version-history":[{"count":5,"href":"https:\/\/www.krupps.com\/pt-pt\/wp-json\/wp\/v2\/pages\/32180\/revisions"}],"predecessor-version":[{"id":32316,"href":"https:\/\/www.krupps.com\/pt-pt\/wp-json\/wp\/v2\/pages\/32180\/revisions\/32316"}],"up":[{"embeddable":true,"href":"https:\/\/www.krupps.com\/pt-pt\/wp-json\/wp\/v2\/pages\/16880"}],"wp:attachment":[{"href":"https:\/\/www.krupps.com\/pt-pt\/wp-json\/wp\/v2\/media?parent=32180"}],"curies":[{"name":"wp","href":"https:\/\/api.w.org\/{rel}","templated":true}]}}

<div class="wpb-content-wrapper"><p>[vc_row][vc_column]<div class="ult-spacer spacer-69f1c46c82ce6" data-id="69f1c46c82ce6" data-height="40" data-height-mobile="40" data-height-tab="40" data-height-tab-portrait="40" data-height-mobile-landscape="40" style="clear:both;display:block;"></div><div class="dt-fancy-separator title-left h1-size style-disabled" style="width: 100%;"><div class="dt-fancy-title" style="color: #000000;"><span class="separator-holder separator-left"></span>KERA range<span class="separator-holder separator-right"></span></div></div><div class="ult-spacer spacer-69f1c46c82d64" data-id="69f1c46c82d64" data-height="10" data-height-mobile="10" data-height-tab="10" data-height-tab-portrait="10" data-height-mobile-landscape="10" style="clear:both;display:block;"></div><div class="dt-fancy-separator title-left h4-size style-disabled" style="width: 100%;"><div class="dt-fancy-title" style="color: #000000;"><span class="separator-holder separator-left"></span>Uma nova experiência de lavagem<span class="separator-holder separator-right"></span></div></div><div class="ult-spacer spacer-69f1c46c82da0" data-id="69f1c46c82da0" data-height="40" data-height-mobile="40" data-height-tab="40" data-height-tab-portrait="40" data-height-mobile-landscape="40" style="clear:both;display:block;"></div>[vc_row_inner][vc_column_inner][vc_column_text]Inovadora, moderna, elegante: <strong>Kera</strong> é a gama que combina <strong>tecnologia</strong>, <strong>design</strong> e <strong>excelente desempenho</strong>, com uma forte aposta na sustentabilidade.</p>
<p>As <strong>linhas minimalistas</strong> e o esquema de cores &#8220;Preto Intenso&#8221; criam uma gama que incorpora modernidade e estilo.<br />
O <strong>painel tátil vertical de 5&#8243;</strong> torna intuitivos todos os passos, desde a seleção do ciclo à gestão dos parâmetros, para uma <strong>experiência de lavagem sem precedentes</strong>.</p>
<p>A <strong>Kera</strong> oferece uma ampla seleção de ciclos de lavagem, tornando a gama altamente adaptável e personalizável para atender a todas as necessidades.<br />
A gama é totalmente <strong>full opcional</strong> e está equipada com as mais recentes tecnologias, como <strong>Paredes duplas</strong>, <strong>SOFT Start,</strong> <strong>SOFT Door</strong>, <strong>Acquatech System</strong> e o <strong>Level Control System (LCS)</strong>.Graças à ligação integrada <strong>Bluetooth e Wi-Fi</strong>, cada modelo pode ser totalmente gerido remotamente através da aplicação <strong>Krupps Remote Control</strong> e da plataforma digital <strong>Ikloud</strong>.</p>
<p>A gama <strong>Kera</strong> foi concebida para lhe oferecer o máximo em sustentabilidade ambiental, proporcionando um desempenho excecional com uma <strong>poupança de mais de 30% no consumo diário de energia</strong>.[/vc_column_text][/vc_column_inner][/vc_row_inner]<div class="ult-spacer spacer-69f1c46c82db5" data-id="69f1c46c82db5" data-height="40" data-height-mobile="40" data-height-tab="40" data-height-tab-portrait="40" data-height-mobile-landscape="40" style="clear:both;display:block;"></div>[/vc_column][/vc_row]</p>
</div>

<p>[vc_row][vc_column][vc_row_inner][vc_column_inner][vc_column_text]Inovadora, moderna, elegante: Kera é a gama que combina tecnologia, design e excelente desempenho, com uma forte aposta na sustentabilidade. As linhas minimalistas e o esquema de cores &#8220;Preto Intenso&#8221; criam uma gama que incorpora modernidade e estilo. O painel tátil vertical de 5&#8243; torna intuitivos todos os passos, desde a seleção do ciclo à&hellip;</p>
